{"id":98,"date":"2020-11-20T21:43:46","date_gmt":"2020-11-20T21:43:46","guid":{"rendered":"http:\/\/www.emeespacio.es\/tienda\/?post_type=product&#038;p=98"},"modified":"2025-04-06T18:45:21","modified_gmt":"2025-04-06T18:45:21","slug":"el-hechizo-y-la-mina","status":"publish","type":"product","link":"https:\/\/www.emeespacio.es\/tienda\/producto\/el-hechizo-y-la-mina\/","title":{"rendered":"El Hechizo y la Mina"},"content":{"rendered":"<p><iframe loading=\"lazy\" title=\"&quot;Trailer&quot; del cuento familiar &quot; El Hechizo y la Mina&quot;\" width=\"1020\" height=\"574\" src=\"https:\/\/www.youtube.com\/embed\/FuZqyFqkrsM?start=4&#038;feature=oembed\" frameborder=\"0\" allow=\"accelerometer; autoplay; clipboard-write; encrypted-media; gyroscope; picture-in-picture; web-share\" referrerpolicy=\"strict-origin-when-cross-origin\" allowfullscreen><\/iframe><\/p>\n<p><strong>El Hechizo y la Mina<\/strong>\u00a0es un proyecto, que surge del trabajo desde a\u00f1os con ni\u00f1os y ni\u00f1as, adolescentes y familias.<\/p>\n<p><strong>El Hechizo y la Mina<\/strong> es un proyecto hecho con familia y con amigos; desde el pr\u00f3logo, las ilustraciones, el asesoramiento, \u2026<\/p>\n<p><strong>El Hechizo y la Mina<\/strong>\u00a0es un cuento infantil, pero tambi\u00e9n Familiar. Un cuento para todas las edades, situado en el contexto de la cultura y mitolog\u00eda asturiana, y en el mundo de la mina de carb\u00f3n.<\/p>\n<p><strong>El Hechizo y la Mina<\/strong>\u00a0es un cuento, pero adem\u00e1s contiene una gu\u00eda did\u00e1ctica con la que podremos profundizar sobre muchas tem\u00e1ticas que se tratan en el cuento: solidaridad, emociones, esperanza, \u2026 el mundo de la mina, la mitolog\u00eda asturiana.<\/p>\n<p><strong>El Hechizo y la mina<\/strong>\u00a0es un cuento, pero adem\u00e1s una llave con la que adentrarnos en muchos cuentos cl\u00e1sicos que sirvieron al autor de inspiraci\u00f3n. El pr\u00f3logo del libro nos llevar\u00e1 a descubrir cuentos cl\u00e1sicos. Un cuento que nos lleva a otros cuentos.<\/p>\n<h2><span style=\"font-size: 75%;\">Detalles del Libro<\/span><\/h2>\n<p><span style=\"font-size: 75%;\"><b>ISBN\/13: <\/b>9788418311147<\/span><\/p>\n<div class=\"row\">\n<div class=\"column\">\n<p><span style=\"font-size: 75%;\"><b>Num. P\u00e1ginas:\u00a0<\/b>50<\/span><\/p>\n<p><span style=\"font-size: 75%;\"><b>Tama\u00f1o:\u00a0<\/b>170 X 240 mm<\/span><\/p>\n<p><span style=\"font-size: 75%;\"><b>A\u00f1o de publicaci\u00f3n:\u00a0<\/b>2020<\/span><\/p>\n<p><span style=\"font-size: 75%;\"><b>Editorial:\u00a0<\/b><a href=\"https:\/\/libros.cc\/catalog\/search.php?category=Ultimas&amp;publisher=618\">Mr. Momo<\/a><\/span><\/p>\n<p><span style=\"font-size: 75%;\"><b>Categor\u00eda:\u00a0<\/b>Cuentos (infantil\/juvenil)<\/span><\/p>\n<\/div>\n<\/div>\n<p>&nbsp;<\/p>\n","protected":false},"excerpt":{"rendered":"<p><strong>\u00abEl Hechizo y la Mina\u00bb\u00a0 <span style=\"color: #ff6600;\"><span style=\"color: #0000ff;\">ENV\u00cdO GRATUITO (Tambi\u00e9n posibilidad de recoger)<\/span>\u00a0<\/span><\/strong>Un cuento escrito por Fernando L\u00f3pez-Cancio Mart\u00ednez con Ilustraciones de Daniel Garc\u00eda Pel\u00e1ez, un cuento familiar que incluye una gu\u00eda did\u00e1ctica, con la que a modo de pico podremos extraer muchas curiosidades sobre la mina: de d\u00f3nde viene la palabra \u00abguaje\u00bb, cu\u00e1ntas profesiones existen en la mina\u2026; y tambi\u00e9n podremos extraer conocimientos sobre la educaci\u00f3n emocional, sobre la mitolog\u00eda asturiana \u00a1y mucho m\u00e1s! (nuestro tel\u00e9fono y whatsapp es el 684039848)<\/p>\n","protected":false},"featured_media":97,"comment_status":"open","ping_status":"closed","template":"","meta":[],"product_cat":[19],"product_tag":[],"_links":{"self":[{"href":"https:\/\/www.emeespacio.es\/tienda\/wp-json\/wp\/v2\/product\/98"}],"collection":[{"href":"https:\/\/www.emeespacio.es\/tienda\/wp-json\/wp\/v2\/product"}],"about":[{"href":"https:\/\/www.emeespacio.es\/tienda\/wp-json\/wp\/v2\/types\/product"}],"replies":[{"embeddable":true,"href":"https:\/\/www.emeespacio.es\/tienda\/wp-json\/wp\/v2\/comments?post=98"}],"wp:featuredmedia":[{"embeddable":true,"href":"https:\/\/www.emeespacio.es\/tienda\/wp-json\/wp\/v2\/media\/97"}],"wp:attachment":[{"href":"https:\/\/www.emeespacio.es\/tienda\/wp-json\/wp\/v2\/media?parent=98"}],"wp:term":[{"taxonomy":"product_cat","embeddable":true,"href":"https:\/\/www.emeespacio.es\/tienda\/wp-json\/wp\/v2\/product_cat?post=98"},{"taxonomy":"product_tag","embeddable":true,"href":"https:\/\/www.emeespacio.es\/tienda\/wp-json\/wp\/v2\/product_tag?post=98"}],"curies":[{"name":"wp","href":"https:\/\/api.w.org\/{rel}","templated":true}]}}